ultiple of 73?
True
Is 10 a factor of 1090?
True
Is 6 a factor of 690?
True
Is 8 a factor of 352?
True
Is 3647 a multiple of 3?
False
Is 7 a factor of 409?
False
Is 11 a factor of 16401?
True
Is 16 a factor of 1361?
False
Is 17894 a multiple of 46?
True
Does 130 divide 910?
True
Is 94 a factor of 2914?
True
Is 175 a factor of 75460?
False
Is 1120 a multiple of 8?
True
Does 10 divide 5170?
True
Is 1683 a multiple of 23?
False
Is 1036 a multiple of 37?
True
Is 4 a factor of 14503?
False
Does 90 divide 30330?
True
Is 37 a factor of 2405?
True
Does 18 divide 5418?
True
Does 22 divide 2341?
False
Is 17913 a multiple of 7?
True
Does 17 divide 2048?
False
Is 630 a multiple of 15?
True
Does 5 divide 11465?
True
Is 26350 a multiple of 17?
True
Is 8732 a multiple of 85?
False
Is 242 a multiple of 68?
False
Is 51 a factor of 1224?
True
Does 28 divide 5124?
True
Does 19 divide 3534?
True
Does 4 divide 316?
True
Is 7 a factor of 1735?
False
Is 91 a factor of 45566?
False
Is 20113 a multiple of 69?
False
Is 43 a factor of 11306?
False
Is 13 a factor of 2860?
True
Is 2368 a multiple of 64?
True
Is 6 a factor of 660?
True
Does 24 divide 72?
True
Does 23 divide 15663?
True
Is 79 a factor of 15405?
True
Is 1526 a multiple of 72?
False
Is 4061 a multiple of 22?
False
Is 7314 a multiple of 238?
False
Is 5 a factor of 315?
True
Is 1540 even?
True
Does 25 divide 460?
False
Is 53 a factor of 8586?
True
Is 5 a factor of 196?
False
Is 47 a factor of 7970?
False
Does 14 divide 434?
True
Is 187 a multiple of 23?
False
Is 1420 a multiple of 16?
False
Is 29 a factor of 688?
False
Is 630 a multiple of 3?
True
Is 12312 a multiple of 162?
True
Is 20 a factor of 15940?
True
Is 41958 a multiple of 176?
False
Does 50 divide 877?
False
Does 57 divide 24771?
False
Is 2970 a multiple of 19?
False
Is 48 a multiple of 3?
True
Is 13851 a multiple of 57?
True
Does 55 divide 5610?
True
Is 126 a multiple of 2?
True
Does 9 divide 1053?
True
Is 9741 a multiple of 191?
True
Is 43 a factor of 12777?
False
Does 19 divide 627?
True
Is 2704 a multiple of 8?
True
Is 260 a multiple of 7?
False
Is 387 a multiple of 2?
False
Is 8 a factor of 35?
False
Does 19 divide 14852?
False
Is 24478 a multiple of 181?
False
Does 6 divide 624?
True
Does 33 divide 313?
False
Does 22 divide 613?
False
Does 22 divide 18898?
True
Does 4 divide 2352?
True
Is 159 a factor of 795?
True
Is 9050 a multiple of 25?
True
Is 9842 a multiple of 4?
False
Is 3780 a multiple of 4?
True
Does 17 divide 40943?
False
Is 41350 a multiple of 47?
False
Is 6349 a multiple of 42?
False
Is 24 a factor of 4512?
True
Does 16 divide 4160?
True
Does 16 divide 1968?
True
Is 89418 a multiple of 14?
True
Is 11098 a multiple of 179?
True
Is 53 a factor of 13825?
False
Is 179 a factor of 11604?
False
Is 1855 a multiple of 25?
False
Does 17 divide 7072?
True
Is 2176 a multiple of 25?
False
Is 1296 a multiple of 81?
True
Does 47 divide 3431?
True
Is 1805 a multiple of 98?
False
Does 5 divide 12085?
True
Is 863 a multiple of 2?
False
Does 79 divide 6162?
True
Does 13 divide 729?
False
Is 104674 a multiple of 245?
False
Is 1194 a multiple of 11?
False
Does 21 divide 462?
True
Does 144 divide 6048?
True
Is 240 a multiple of 12?
True
Is 12 a factor of 15897?
False
Does 54 divide 5021?
False
Is 1467 a multiple of 13?
False
Does 8 divide 2910?
False
Is 78269 a multiple of 213?
False
Is 4 a factor of 128?
True
Is 23 a factor of 138?
True
Is 8245 a multiple of 17?
True
Does 8 divide 3701?
False
Is 69 a factor of 3758?
False
Is 245 a factor of 45325?
True
Does 4 divide 1944?
True
Is 1324 a multiple of 3?
False
Is 1925 a multiple of 35?
True
Is 20 a factor of 4880?
True
Is 31 a factor of 775?
True
Does 14 divide 752?
False
Is 26275 a multiple of 147?
False
Is 132 a multiple of 29?
False
Is 1255 a multiple of 21?
False
Does 221 divide 12826?
False
Does 16 divide 21478?
False
Is 6361 a multiple of 100?
False
Is 520 a multiple of 8?
True
Is 18 a factor of 990?
True
Does 10 divide 9387?
False
Is 44 a multiple of 11?
True
Is 11 a factor of 12214?
False
Is 12 a factor of 13608?
True
Does 9 divide 839?
False
Is 43 a factor of 215?
True
Is 7503 a multiple of 32?
False
Does 6 divide 540?
True
Is 5448 a multiple of 24?
True
Does 10 divide 2124?
False
Is 574 a multiple of 5?
False
Is 5079 a multiple of 45?
False
Does 138 divide 1540?
False
Is 24 a factor of 12984?
True
Is 3816 a multiple of 24?
True
Is 7 a factor of 819?
True
Is 4332 a multiple of 24?
False
Does 6 divide 1056?
True
Is 192 a multiple of 32?
True
Is 128 a multiple of 5?
False
Does 18 divide 67388?
False
Does 14 divide 417?
False
Is 2150 a multiple of 14?
False
Does 23 divide 7245?
True
Does 50 divide 27586?
False
Does 32 divide 4320?
True
Does 13 divide 4023?
False
Is 10 a factor of 91224?
False
Is 7814 a multiple of 29?
False
Does 6 divide 1141?
False
Is 357 a multiple of 21?
True
Is 16 a factor of 522?
False
Is 37408 a multiple of 28?
True
Does 8 divide 3020?
False
Does 12 divide 228?
True
Does 8 divide 23637?
False
Does 4 divide 138?
False
Does 7 divide 200?
False
Is 12 a factor of 2784?
True
Does 159 divide 3021?
True
Is 13 a factor of 1050?
False
Is 14405 a multiple of 18?
False
Does 14 divide 1354?
False
Is 9576 a multiple of 14?
True
Is 47 a factor of 1927?
True
Is 62356 a multiple of 262?
True
Is 436 a factor of 116848?
True
Is 11808 a multiple of 72?
True
Does 4 divide 1708?
True
Is 906 a multiple of 40?
False
Is 7 a factor of 4970?
True
Does 29 divide 841?
True
Is 4 a factor of 4910?
False
Does 23 divide 529?
True
Does 5 divide 6285?
True
Does 4 divide 373?
False
Is 23520 a multiple of 48?
True
Is 3328 a multiple of 16?
True
Does 11 divide 1857?
False
Does 22 divide 18788?
True
Does 21 divide 504?
True
Is 10975 a multiple of 5?
True
Is 24 a factor of 56?
False
Is 38148 a multiple of 187?
True
Does 253 divide 1384?
False
Does 88 divide 14319?
False
Does 25 divide 1410?
False
Does 81 divide 575?
False
Is 15624 a multiple of 36?
True
Is 163 a factor of 11247?
True
Is 4 a factor of 12?
True
Is 47 a factor of 705?
True
Is 17 a factor of 154?
False
Is 4410 a multiple of 6?
True
Does 102 divide 54366?
True
Is 1550 a multiple of 31?
True
Is 276 a factor of 29111?
False
Does 16 divide 744?
False
Is 16 a factor of 16?
True
Does 51 divide 20618?
False
Does 31 divide 1921?
False
Does 63 divide 16720?
False
Does 18 divide 6120?
True
Is 117 a factor of 2580?
False
Does 35 divide 2030?
True
Does 34 divide 12871?
False
Is 3 a factor of 7223?
False
Is 1399 a multiple of 11?
False
Is 6984 a multiple of 9?
True
Does 71 divide 3550?
True
Does 2 divide 1390?
True
Is 5 a factor of 955?
True
Does 23 divide 115319?
False
Does 33 divide 2976?
False
Is 7 a factor of 1229?
False
Is 604 a multiple of 13?
False
Does 56 divide 336?
True
Does 43 divide 126?
False
Does 13 divide 16848?
True
Does 24 divide 107880?
True
Is 8 a factor of 152?
True
Does 17 divide 38029?
True
Is 15736 a multiple of 14?
True
Is 3 a factor of 13065?
True
Is 1142 a multiple of 7?
False
Is 10320 a multiple of 20?
True
Does 25 divide 575?
True
Is 82 a factor of 47274?
False
Is 2250 a multiple of 30?
True
Is 54 a factor of 35262?
True
Does 21 divide 104958?
True
Does 11 divide 1397?
True
Is 5 a factor of 1015?
True
Does 117 divide 1171?
False
Is 38590 a multiple of 95?
False
Does 5 divide 1445?
True
Is 5 a factor of 599?
False
Is 7379 a multiple of 2?
False
Does 21 divide 219?
False
Is 145 a multiple of 5?
True
Is 136 a multiple of 4?
True
Is 7 a factor of 375?
False
Does 8 divide 475?
False
Does 42 divide 126?
True
Is 29 a factor of 2574?
False
Is 1361 a multiple of 30?
False
Is 814 a multiple of 11?
True
Is 1939 a multiple of 92?
False
Is 9 a multiple of 3?
True
Does 5 divide 17200?
True
Does 54 divide 22032?
True
Is 522 a multiple of 3?
True
Is 7225 a multiple of 17?
True
Is 48 a factor of 720?
True
Is 1020 a multiple of 20?
True
Is 607 a multiple of 21?
False
Does 9 divide 1065?
False
Does 10 divide 409?
False
Does 11 divide 96?
False
Does 7 divide 2324?
True
Is 31 a factor of 558?
True
Is 720 a multiple of 72?
True
Is 4230 a multiple of 42?
False
Does 58 divide 14210?
True
Does 156 divide 7599?
False
Does 9 divide 2723?
False
Does 4 divide 20754?
False
Does 7 divide 78?
False
Is 91 a factor of 858?
False
Is 8 a factor of 2556?
False
Is 57 a f